{"id":1559,"date":"2025-09-15T10:49:59","date_gmt":"2025-09-15T15:49:59","guid":{"rendered":"https:\/\/saludsinlimites.pe\/?page_id=1559"},"modified":"2026-03-20T05:48:09","modified_gmt":"2026-03-20T10:48:09","slug":"proyectos","status":"publish","type":"page","link":"https:\/\/saludsinlimites.pe\/index.php\/proyectos\/","title":{"rendered":"Proyectos"},"content":{"rendered":"\n<hr class=\"wp-block-separator has-alpha-channel-opacity\" style=\"margin-top:var(--wp--preset--spacing--20);margin-bottom:var(--wp--preset--spacing--20)\"\/>\n\n\n\n<p class=\"has-text-align-center has-heading-font-family has-x-large-font-size\">Proyectos<\/p>\n\n\n\n<p class=\"has-text-align-center has-text-color has-link-color has-heading-font-family wp-elements-050b1f867a74a967a40fb854f47e9fd7\" style=\"color:#420070;font-size:clamp(14px, 0.875rem + ((1vw - 3.2px) * 0.625), 20px);\"><strong>Nos acercarnos a los territorios para comprender sus realidades y acompa\u00f1ar a sus actores locales en la construcci\u00f3n de soluciones sostenibles. Promovemos la participaci\u00f3n comunitaria, el fortalecimiento de capacidades y el intercambio intercultural como caminos para mejorar la salud, la nutrici\u00f3n y el bienestar. Cada proyecto refleja nuestra convicci\u00f3n de que el cambio solo es posible junto a las comunidades.<\/strong><\/p>\n\n\n\n<hr class=\"wp-block-separator has-alpha-channel-opacity\" style=\"margin-top:var(--wp--preset--spacing--30);margin-bottom:var(--wp--preset--spacing--30)\"\/>\n\n\n\n<div class=\"wp-block-group alignfull has-background has-global-padding is-layout-constrained wp-container-core-group-is-layout-cd6163fc wp-block-group-is-layout-constrained\" style=\"border-style:none;border-width:0px;border-radius:14px;background-color:#ffcd00;margin-top:0;margin-bottom:0;padding-top:var(--wp--preset--spacing--10);padding-right:var(--wp--preset--spacing--50);padding-bottom:var(--wp--preset--spacing--10);padding-left:var(--wp--preset--spacing--50)\">\n<div class=\"wp-block-columns alignwide are-vertically-aligned-top is-layout-flex wp-container-core-columns-is-layout-1da03c2a wp-block-columns-is-layout-flex\">\n<div class=\"wp-block-column is-layout-flow wp-block-column-is-layout-flow\">\n<p class=\"has-text-align-center has-base-color has-text-color has-link-color has-large-font-size wp-elements-d446a8cd354953bbea22345cf6017a85\"><strong>PROYECTOS DE INVESTIGACI\u00d3N PARTICIPATIVA<\/strong><\/p>\n<\/div>\n<\/div>\n<\/div>\n\n\n\n<div class=\"wp-block-group alignfull has-global-padding is-layout-constrained wp-container-core-group-is-layout-cd6163fc wp-block-group-is-layout-constrained\" style=\"border-style:none;border-width:0px;border-radius:14px;margin-top:0;margin-bottom:0;padding-top:var(--wp--preset--spacing--10);padding-right:var(--wp--preset--spacing--50);padding-bottom:var(--wp--preset--spacing--10);padding-left:var(--wp--preset--spacing--50)\">\n<div class=\"wp-block-columns alignwide are-vertically-aligned-top is-layout-flex wp-container-core-columns-is-layout-1da03c2a wp-block-columns-is-layout-flex\">\n<div class=\"wp-block-column is-layout-flow wp-block-column-is-layout-flow\"><\/div>\n<\/div>\n<\/div>\n\n\n\n<div class=\"wp-block-group alignfull has-background is-vertical is-layout-flex wp-container-core-group-is-layout-f71f2c43 wp-block-group-is-layout-flex\" style=\"background:linear-gradient(180deg,rgb(247,249,243) 0%,rgb(249,249,249) 100%);margin-top:0;margin-bottom:0;padding-top:var(--wp--preset--spacing--10);padding-right:var(--wp--preset--spacing--50);padding-bottom:var(--wp--preset--spacing--10);padding-left:var(--wp--preset--spacing--50)\">\n<div class=\"wp-block-columns alignwide is-layout-flex wp-container-core-columns-is-layout-1da03c2a wp-block-columns-is-layout-flex\">\n<div class=\"wp-block-column is-vertically-aligned-stretch is-layout-flow wp-block-column-is-layout-flow\" style=\"flex-basis:50%\">\n<div class=\"wp-block-group is-vertical is-content-justification-stretch is-layout-flex wp-container-core-group-is-layout-03ea0e6e wp-block-group-is-layout-flex\" style=\"min-height:100%\">\n<p class=\"has-heading-font-family has-large-font-size\" style=\"line-height:1.2\">Modelos interculturales para mejorar la nutrici\u00f3n y la salud de las poblaciones ind\u00edgenas de la amazon\u00eda peruana, a trav\u00e9s de pr\u00e1cticas agroforestales sensibles a la equidad de g\u00e9nero<\/p>\n\n\n\n<p class=\"has-heading-font-family\">En el Per\u00fa persisten altos niveles de inseguridad alimentaria y malnutrici\u00f3n, especialmente en comunidades ind\u00edgenas amaz\u00f3nicas.<\/p>\n\n\n\n<p class=\"has-heading-font-family\">La agroforester\u00eda, practicada con frecuencia en estos territorios, integra \u00e1rboles a los sistemas agr\u00edcolas, aportando ingresos, biodiversidad y beneficios ecosist\u00e9micos. Sin embargo, a\u00fan hay escasa evidencia cient\u00edfica sobre su impacto en la nutrici\u00f3n y la salud de las familias.<\/p>\n\n\n\n<p class=\"has-heading-font-family\">Este proyecto busca trabajar con comunidades ind\u00edgenas y sectores locales para comprender c\u00f3mo las pr\u00e1cticas agroforestales con caf\u00e9 y cacao influyen en la seguridad alimentaria, especialmente en mujeres y ni\u00f1os. A trav\u00e9s de estudios sociales, ecol\u00f3gicos y nutricionales, se desarrollar\u00e1n estrategias culturalmente apropiadas y sostenibles que fortalezcan la salud, respondan a las prioridades de las comunidades y puedan replicarse en otras regiones del pa\u00eds.<\/p>\n\n\n\n<div class=\"wp-block-buttons is-layout-flex wp-block-buttons-is-layout-flex\">\n<div class=\"wp-block-button\"><a class=\"wp-block-button__link wp-element-button\" href=\"https:\/\/saludsinlimites.pe\/wp-content\/uploads\/2025\/09\/Resumen-Concytec-MRC_proyecto-GANA.pdf\">Leer resumen<\/a><\/div>\n<\/div>\n<\/div>\n<\/div>\n\n\n\n<div class=\"wp-block-column is-vertically-aligned-center is-layout-flow wp-block-column-is-layout-flow\" style=\"flex-basis:50%\">\n<figure class=\"wp-block-image size-large is-style-rounded is-style-rounded--1\"><img loading=\"lazy\" decoding=\"async\" width=\"794\" height=\"1024\" src=\"https:\/\/saludsinlimites.pe\/wp-content\/uploads\/2025\/09\/Proyecto-nutricion-y-salud-794x1024.jpg\" alt=\"\" class=\"wp-image-1573\" style=\"aspect-ratio:3\/4;object-fit:cover\" srcset=\"https:\/\/saludsinlimites.pe\/wp-content\/uploads\/2025\/09\/Proyecto-nutricion-y-salud-794x1024.jpg 794w, https:\/\/saludsinlimites.pe\/wp-content\/uploads\/2025\/09\/Proyecto-nutricion-y-salud-233x300.jpg 233w, https:\/\/saludsinlimites.pe\/wp-content\/uploads\/2025\/09\/Proyecto-nutricion-y-salud-768x991.jpg 768w, https:\/\/saludsinlimites.pe\/wp-content\/uploads\/2025\/09\/Proyecto-nutricion-y-salud-1190x1536.jpg 1190w, https:\/\/saludsinlimites.pe\/wp-content\/uploads\/2025\/09\/Proyecto-nutricion-y-salud-1587x2048.jpg 1587w, https:\/\/saludsinlimites.pe\/wp-content\/uploads\/2025\/09\/Proyecto-nutricion-y-salud.jpg 1612w\" sizes=\"auto, (max-width: 794px) 100vw, 794px\" \/><\/figure>\n<\/div>\n<\/div>\n\n\n\n<div class=\"wp-block-buttons is-layout-flex wp-block-buttons-is-layout-flex\"><\/div>\n<\/div>\n\n\n\n<div class=\"wp-block-cover alignfull is-light has-parallax\" style=\"padding-top:var(--wp--preset--spacing--50);padding-right:var(--wp--preset--spacing--50);padding-bottom:var(--wp--preset--spacing--50);padding-left:var(--wp--preset--spacing--50)\"><div class=\"wp-block-cover__image-background wp-image-1642 size-large has-parallax\" style=\"background-position:50% 50%;background-image:url(https:\/\/saludsinlimites.pe\/wp-content\/uploads\/2025\/09\/Rio-cenepa-1024x576.jpg)\"><\/div><span aria-hidden=\"true\" class=\"wp-block-cover__background has-base-background-color has-background-dim-0 has-background-dim\"><\/span><div class=\"wp-block-cover__inner-container has-global-padding is-layout-constrained wp-container-core-cover-is-layout-e4fd886c wp-block-cover-is-layout-constrained\">\n<p><\/p>\n<\/div><\/div>\n\n\n\n<div class=\"wp-block-group alignfull has-base-background-color has-background has-global-padding is-layout-constrained wp-container-core-group-is-layout-d89aad35 wp-block-group-is-layout-constrained\" style=\"margin-top:0;margin-bottom:0;padding-top:var(--wp--preset--spacing--50);padding-right:var(--wp--preset--spacing--50);padding-bottom:var(--wp--preset--spacing--50);padding-left:var(--wp--preset--spacing--50)\">\n<div class=\"wp-block-columns alignwide is-layout-flex wp-container-core-columns-is-layout-549b0c86 wp-block-columns-is-layout-flex\">\n<div class=\"wp-block-column is-vertically-aligned-top has-global-padding is-content-justification-left is-layout-constrained wp-container-core-column-is-layout-4f15e8fe wp-block-column-is-layout-constrained\" style=\"flex-basis:40%\">\n<figure class=\"wp-block-image alignfull size-large\"><img loading=\"lazy\" decoding=\"async\" width=\"1024\" height=\"582\" src=\"https:\/\/saludsinlimites.pe\/wp-content\/uploads\/2025\/09\/Proyecto-agua-y-jovenes-1024x582.jpg\" alt=\"\" class=\"wp-image-1570\" srcset=\"https:\/\/saludsinlimites.pe\/wp-content\/uploads\/2025\/09\/Proyecto-agua-y-jovenes-1024x582.jpg 1024w, https:\/\/saludsinlimites.pe\/wp-content\/uploads\/2025\/09\/Proyecto-agua-y-jovenes-300x171.jpg 300w, https:\/\/saludsinlimites.pe\/wp-content\/uploads\/2025\/09\/Proyecto-agua-y-jovenes-768x437.jpg 768w, https:\/\/saludsinlimites.pe\/wp-content\/uploads\/2025\/09\/Proyecto-agua-y-jovenes-1536x873.jpg 1536w, https:\/\/saludsinlimites.pe\/wp-content\/uploads\/2025\/09\/Proyecto-agua-y-jovenes-2048x1164.jpg 2048w\" sizes=\"auto, (max-width: 1024px) 100vw, 1024px\" \/><\/figure>\n<\/div>\n\n\n\n<div class=\"wp-block-column is-layout-flow wp-container-core-column-is-layout-119bc444 wp-block-column-is-layout-flow\" style=\"flex-basis:60%\">\n<p class=\"has-heading-font-family has-x-large-font-size\" style=\"line-height:1.2\">Justicia h\u00eddrica y salud mental en j\u00f3venes ind\u00edgenas: co-creando soluciones basadas en el arte con comunidades ind\u00edgenas Awaj\u00fan<\/p>\n\n\n\n<details class=\"wp-block-details has-heading-font-family is-layout-flow wp-block-details-is-layout-flow\"><summary>El proyecto busc\u00f3 fomentar la reflexi\u00f3n y el intercambio entre diversas culturas -como la ind\u00edgena y la mestiza- y distintas generaciones, con el fin de profundizar en las problem\u00e1ticas del agua y el bienestar, as\u00ed como en sus posibles soluciones. <\/summary>\n<p>Asimismo, este estudio represent\u00f3 una oportunidad para fortalecer las habilidades socioafectivas de los j\u00f3venes, permiti\u00e9ndoles profundizar en su autoconocimiento, mejorar sus relaciones interpersonales y consolidar su autoafirmaci\u00f3n y la de la cultura Awaj\u00fan.<\/p>\n\n\n\n<p>Bajo este enfoque, la iniciativa se desarroll\u00f3 con j\u00f3venes de la comunidad nativa de Wachapea (en Chiriaco, regi\u00f3n Amazonas). Junto a ellos, exploramos sus visiones y experiencias mediante t\u00e9cnicas de investigaci\u00f3n como entrevistas y grupos focales, integrando adem\u00e1s metodolog\u00edas art\u00edsticas como el fotovoz y caravanas art\u00edsticas que incluyeron teatro, danza y murales.<\/p>\n<\/details>\n<\/div>\n<\/div>\n\n\n\n<div class=\"wp-block-buttons is-content-justification-space-between is-layout-flex wp-container-core-buttons-is-layout-b2891da8 wp-block-buttons-is-layout-flex\">\n<div class=\"wp-block-button\"><a class=\"wp-block-button__link wp-element-button\" href=\"https:\/\/saludsinlimites.pe\/wp-content\/uploads\/2025\/09\/Resumen-del-Proyecto-Espanol_agua-y-salud-mental.pdf\">Leer resumen<\/a><\/div>\n\n\n\n<div class=\"wp-block-button\"><a class=\"wp-block-button__link wp-element-button\" href=\"https:\/\/xn--expo-fotogrfica-itinerante-wachapea-d4c.my.canva.site\/\">Ver proyecto<\/a><\/div>\n\n\n\n<div class=\"wp-block-button\"><a class=\"wp-block-button__link wp-element-button\" href=\"https:\/\/expo-fotogr\u00e1fica-itinerante-wachapea.my.canva.site\/english-version\">See Project<\/a><\/div>\n<\/div>\n<\/div>\n\n\n\n<div class=\"wp-block-group alignfull has-background has-global-padding is-layout-constrained wp-container-core-group-is-layout-cd6163fc wp-block-group-is-layout-constrained\" style=\"border-style:none;border-width:0px;border-radius:14px;background-color:#ffcd00;margin-top:0;margin-bottom:0;padding-top:var(--wp--preset--spacing--10);padding-right:var(--wp--preset--spacing--50);padding-bottom:var(--wp--preset--spacing--10);padding-left:var(--wp--preset--spacing--50)\">\n<div class=\"wp-block-columns alignwide are-vertically-aligned-top is-layout-flex wp-container-core-columns-is-layout-1da03c2a wp-block-columns-is-layout-flex\">\n<div class=\"wp-block-column is-layout-flow wp-block-column-is-layout-flow\">\n<p class=\"has-text-align-center has-base-color has-text-color has-link-color has-large-font-size wp-elements-70eabd3af692b486ace63d358bc789e0\"><strong>PROYECTOS DE DESARROLLO<\/strong><\/p>\n<\/div>\n<\/div>\n<\/div>\n\n\n\n<div class=\"wp-block-group alignfull has-global-padding is-layout-constrained wp-container-core-group-is-layout-cd6163fc wp-block-group-is-layout-constrained\" style=\"margin-top:0;margin-bottom:0;padding-top:var(--wp--preset--spacing--10);padding-right:var(--wp--preset--spacing--50);padding-bottom:var(--wp--preset--spacing--10);padding-left:var(--wp--preset--spacing--50)\">\n<div class=\"wp-block-columns alignwide are-vertically-aligned-top is-layout-flex wp-container-core-columns-is-layout-1da03c2a wp-block-columns-is-layout-flex\">\n<div class=\"wp-block-column is-layout-flow wp-block-column-is-layout-flow\">\n<p class=\"has-text-align-center has-base-color has-text-color has-link-color has-large-font-size wp-elements-70eabd3af692b486ace63d358bc789e0\"><strong>PROYECTOS DE DESARROLLO<\/strong><\/p>\n<\/div>\n<\/div>\n<\/div>\n\n\n\n<div class=\"wp-block-group alignfull has-background has-global-padding is-layout-constrained wp-container-core-group-is-layout-cd6163fc wp-block-group-is-layout-constrained\" style=\"background:linear-gradient(180deg,rgb(227,206,247) 0%,rgb(249,249,249) 100%);margin-top:0;margin-bottom:0;padding-top:var(--wp--preset--spacing--10);padding-right:var(--wp--preset--spacing--50);padding-bottom:var(--wp--preset--spacing--10);padding-left:var(--wp--preset--spacing--50)\">\n<div class=\"wp-block-columns alignwide are-vertically-aligned-top is-layout-flex wp-container-core-columns-is-layout-1da03c2a wp-block-columns-is-layout-flex\">\n<div class=\"wp-block-column is-vertically-aligned-top is-layout-flow wp-block-column-is-layout-flow\" style=\"flex-basis:50%\">\n<div class=\"wp-block-group is-vertical is-content-justification-stretch is-layout-flex wp-container-core-group-is-layout-03ea0e6e wp-block-group-is-layout-flex\" style=\"min-height:100%\">\n<p class=\"has-heading-font-family has-large-font-size\" style=\"line-height:1.2\"><strong>Estrategias para la prevenci\u00f3n, detecci\u00f3n y atenci\u00f3n oportuna del VIH en comunidades ind\u00edgenas de Sepahua y Masisea en Ucayali, con \u00e9nfasis en la prevenci\u00f3n de la trasmisi\u00f3n materno infantil de VIH<\/strong><\/p>\n<\/div>\n\n\n\n<p><\/p>\n\n\n\n<div class=\"wp-block-group is-vertical is-content-justification-stretch is-layout-flex wp-container-core-group-is-layout-03ea0e6e wp-block-group-is-layout-flex\" style=\"min-height:100%\">\n<p class=\"has-heading-font-family\">En el Per\u00fa, la incidencia del VIH ha aumentado en los \u00faltimos a\u00f1os, con un fuerte impacto en adolescentes y j\u00f3venes ind\u00edgenas de la Amazon\u00eda, especialmente en Ucayali, donde la tasa es una de las m\u00e1s altas del pa\u00eds.<\/p>\n\n\n\n<p class=\"has-heading-font-family\">La baja cobertura de tamizaje, el escaso conocimiento sobre VIH e ITS y la limitada pertinencia cultural de los servicios de salud profundizan la vulnerabilidad de esta poblaci\u00f3n y dificultan el acceso a diagn\u00f3stico y tratamiento oportuno.<\/p>\n\n\n\n<p class=\"has-heading-font-family\">Para responder a este desaf\u00edo, UNICEF Per\u00fa y Salud Sin L\u00edmites, junto con el MINSA, desarrollan desde 2022 una estrategia intercultural en comunidades ind\u00edgenas y mixtas de Ucayali. El programa busca aumentar el acceso a informaci\u00f3n, pruebas de tamizaje y diagn\u00f3stico oportuno, mediante un diagn\u00f3stico participativo, el fortalecimiento de capacidades de comunidades y personal de salud, y la implementaci\u00f3n de servicios con enfoque intercultural para prevenir y controlar el VIH.<\/p>\n\n\n\n<div class=\"wp-block-buttons is-layout-flex wp-block-buttons-is-layout-flex\">\n<div class=\"wp-block-button\"><a class=\"wp-block-button__link wp-element-button\" href=\"https:\/\/saludsinlimites.pe\/wp-content\/uploads\/2025\/09\/Resumen-del-Programa-VIH-Ucayali.pdf\">Leer resumen<\/a><\/div>\n<\/div>\n<\/div>\n<\/div>\n\n\n\n<div class=\"wp-block-column is-vertically-aligned-top is-layout-flow wp-block-column-is-layout-flow\" style=\"flex-basis:50%\">\n<figure class=\"wp-block-image size-large is-style-rounded is-style-rounded--2\"><img loading=\"lazy\" decoding=\"async\" width=\"707\" height=\"1024\" src=\"https:\/\/saludsinlimites.pe\/wp-content\/uploads\/2025\/09\/Proyecto-VIH-707x1024.jpg\" alt=\"\" class=\"wp-image-1591\" style=\"aspect-ratio:3\/4;object-fit:cover\" srcset=\"https:\/\/saludsinlimites.pe\/wp-content\/uploads\/2025\/09\/Proyecto-VIH-707x1024.jpg 707w, https:\/\/saludsinlimites.pe\/wp-content\/uploads\/2025\/09\/Proyecto-VIH-207x300.jpg 207w, https:\/\/saludsinlimites.pe\/wp-content\/uploads\/2025\/09\/Proyecto-VIH-768x1113.jpg 768w, https:\/\/saludsinlimites.pe\/wp-content\/uploads\/2025\/09\/Proyecto-VIH-1060x1536.jpg 1060w, https:\/\/saludsinlimites.pe\/wp-content\/uploads\/2025\/09\/Proyecto-VIH-1414x2048.jpg 1414w, https:\/\/saludsinlimites.pe\/wp-content\/uploads\/2025\/09\/Proyecto-VIH-scaled.jpg 1767w\" sizes=\"auto, (max-width: 707px) 100vw, 707px\" \/><\/figure>\n<\/div>\n<\/div>\n<\/div>\n\n\n\n<div class=\"wp-block-group alignfull has-global-padding is-layout-constrained wp-container-core-group-is-layout-d89aad35 wp-block-group-is-layout-constrained\" style=\"margin-top:0;margin-bottom:0;padding-top:var(--wp--preset--spacing--50);padding-right:var(--wp--preset--spacing--50);padding-bottom:var(--wp--preset--spacing--50);padding-left:var(--wp--preset--spacing--50)\">\n<div class=\"wp-block-columns alignwide are-vertically-aligned-top is-layout-flex wp-container-core-columns-is-layout-47c06fe3 wp-block-columns-is-layout-flex\">\n<div class=\"wp-block-column is-vertically-aligned-top is-layout-flow wp-block-column-is-layout-flow\" style=\"flex-basis:50%\">\n<h2 class=\"wp-block-heading\"><strong>Servicios de salud materna con enfoque intercultural en tiempos de pandemia: aprendizajes en la selva central del Per\u00fa<\/strong><\/h2>\n\n\n\n<details class=\"wp-block-details has-heading-font-family is-layout-flow wp-block-details-is-layout-flow\"><summary>La mortalidad materna refleja de manera clara la inequidad social en el Per\u00fa, y afecta especialmente a mujeres ind\u00edgenas cuyos saberes y pr\u00e1cticas no siempre son respetados en los servicios de salud.<\/summary>\n<p>Tras los retrocesos ocasionados por la pandemia del Covid-19, este estudio busca comprender las perspectivas de mujeres ash\u00e1ninkas y nomatsiguengas, as\u00ed como documentar el rol de redes comunitarias y del sistema de salud en la atenci\u00f3n materna durante embarazo, parto y posparto.<\/p>\n\n\n\n<p>La investigaci\u00f3n se ha desarrollado en comunidades ind\u00edgenas de Satipo, Jun\u00edn, a trav\u00e9s de entrevistas y talleres participativos con mujeres, l\u00edderes y personal de salud. Su finalidad es co-dise\u00f1ar recomendaciones que fortalezcan el enfoque intercultural en los servicios de salud materna, generando evidencias que respalden la incidencia p\u00fablica de las comunidades y aporten a la construcci\u00f3n de pol\u00edticas inclusivas y sostenibles en el pa\u00eds.<\/p>\n<\/details>\n\n\n\n<div class=\"wp-block-buttons is-layout-flex wp-block-buttons-is-layout-flex\">\n<div class=\"wp-block-button\"><a class=\"wp-block-button__link wp-element-button\" href=\"https:\/\/saludsinlimites.pe\/wp-content\/uploads\/2025\/09\/Resumen-del-Proyecto-Salud-Materna-en-Satipo.pdf\">Leer resumen<\/a><\/div>\n<\/div>\n<\/div>\n\n\n\n<div class=\"wp-block-column is-vertically-aligned-top is-layout-flow wp-block-column-is-layout-flow\" style=\"flex-basis:50%\">\n<figure class=\"wp-block-image size-full is-style-rounded is-style-rounded--3\"><img loading=\"lazy\" decoding=\"async\" width=\"1990\" height=\"1538\" src=\"https:\/\/saludsinlimites.pe\/wp-content\/uploads\/2025\/09\/Proyecto-concytec.jpg\" alt=\"\" class=\"wp-image-1587\" style=\"aspect-ratio:4\/3;object-fit:cover\" srcset=\"https:\/\/saludsinlimites.pe\/wp-content\/uploads\/2025\/09\/Proyecto-concytec.jpg 1990w, https:\/\/saludsinlimites.pe\/wp-content\/uploads\/2025\/09\/Proyecto-concytec-300x232.jpg 300w, https:\/\/saludsinlimites.pe\/wp-content\/uploads\/2025\/09\/Proyecto-concytec-1024x791.jpg 1024w, https:\/\/saludsinlimites.pe\/wp-content\/uploads\/2025\/09\/Proyecto-concytec-768x594.jpg 768w, https:\/\/saludsinlimites.pe\/wp-content\/uploads\/2025\/09\/Proyecto-concytec-1536x1187.jpg 1536w\" sizes=\"auto, (max-width: 1990px) 100vw, 1990px\" \/><\/figure>\n<\/div>\n<\/div>\n<\/div>\n","protected":false},"excerpt":{"rendered":"<p>Proyectos Nos acercarnos a los territorios para comprender sus realidades y acompa\u00f1ar a sus actores locales en la construcci\u00f3n de soluciones sostenibles. Promovemos la participaci\u00f3n comunitaria, el fortalecimiento de capacidades y el intercambio intercultural como caminos para mejorar la salud, la nutrici\u00f3n y el bienestar. Cada proyecto refleja nuestra convicci\u00f3n de que el cambio solo [&hellip;]<\/p>\n","protected":false},"author":1,"featured_media":0,"parent":0,"menu_order":0,"comment_status":"closed","ping_status":"closed","template":"page-no-title","meta":{"footnotes":""},"class_list":["post-1559","page","type-page","status-publish","hentry"],"_links":{"self":[{"href":"https:\/\/saludsinlimites.pe\/index.php\/wp-json\/wp\/v2\/pages\/1559","targetHints":{"allow":["GET"]}}],"collection":[{"href":"https:\/\/saludsinlimites.pe\/index.php\/wp-json\/wp\/v2\/pages"}],"about":[{"href":"https:\/\/saludsinlimites.pe\/index.php\/wp-json\/wp\/v2\/types\/page"}],"author":[{"embeddable":true,"href":"https:\/\/saludsinlimites.pe\/index.php\/wp-json\/wp\/v2\/users\/1"}],"replies":[{"embeddable":true,"href":"https:\/\/saludsinlimites.pe\/index.php\/wp-json\/wp\/v2\/comments?post=1559"}],"version-history":[{"count":91,"href":"https:\/\/saludsinlimites.pe\/index.php\/wp-json\/wp\/v2\/pages\/1559\/revisions"}],"predecessor-version":[{"id":1983,"href":"https:\/\/saludsinlimites.pe\/index.php\/wp-json\/wp\/v2\/pages\/1559\/revisions\/1983"}],"wp:attachment":[{"href":"https:\/\/saludsinlimites.pe\/index.php\/wp-json\/wp\/v2\/media?parent=1559"}],"curies":[{"name":"wp","href":"https:\/\/api.w.org\/{rel}","templated":true}]}}